6?
2
What is the thousands digit of 1743?
1
What is the hundreds digit of 1070?
0
What is the units digit of 10586?
6
What is the tens digit of 2491?
9
What is the tens digit of 1621?
2
What is the units digit of 9174?
4
What is the thousands digit of 15238?
5
What is the units digit of 2553?
3
What is the units digit of 2114?
4
What is the thousands digit of 23600?
3
What is the tens digit of 1040?
4
What is the units digit of 6095?
5
What is the thousands digit of 63054?
3
What is the tens digit of 39649?
4
What is the thousands digit of 4190?
4
What is the thousands digit of 5189?
5
What is the units digit of 1469?
9
What is the tens digit of 9825?
2
What is the hundreds digit of 63607?
6
What is the thousands digit of 11947?
1
What is the thousands digit of 7285?
7
What is the units digit of 7765?
5
What is the tens digit of 5869?
6
What is the hundreds digit of 1246?
2
What is the tens digit of 514?
1
What is the hundreds digit of 6175?
1
What is the tens digit of 352?
5
What is the units digit of 4339?
9
What is the hundreds digit of 67763?
7
What is the hundreds digit of 683?
6
What is the thousands digit of 3451?
3
What is the thousands digit of 61193?
1
What is the thousands digit of 2682?
2
What is the units digit of 1925?
5
What is the units digit of 108965?
5
What is the units digit of 88147?
7
What is the hundreds digit of 107318?
3
What is the thousands digit of 104699?
4
What is the hundreds digit of 2671?
6
What is the hundreds digit of 2523?
5
What is the units digit of 734?
4
What is the tens digit of 42607?
0
What is the ten thousands digit of 10835?
1
What is the units digit of 30990?
0
What is the ten thousands digit of 13111?
1
What is the tens digit of 37845?
4
What is the thousands digit of 3870?
3
What is the hundreds digit of 9505?
5
What is the units digit of 6731?
1
What is the units digit of 1284?
4
What is the tens digit of 2807?
0
What is the tens digit of 8560?
6
What is the hundreds digit of 6430?
4
What is the units digit of 5221?
1
What is the tens digit of 13647?
4
What is the hundreds digit of 4933?
9
What is the tens digit of 133?
3
What is the tens digit of 88584?
8
What is the tens digit of 341?
4
What is the ten thousands digit of 35898?
3
What is the hundreds digit of 41116?
1
What is the units digit of 26131?
1
What is the units digit of 3898?
8
What is the thousands digit of 4573?
4
What is the thousands digit of 3615?
3
What is the units digit of 265?
5
What is the hundreds digit of 6854?
8
What is the units digit of 1544?
4
What is the tens digit of 37505?
0
What is the thousands digit of 8751?
8
What is the tens digit of 15598?
9
What is the hundreds digit of 15149?
1
What is the units digit of 5046?
6
What is the units digit of 12804?
4
What is the hundreds digit of 1801?
8
What is the ten thousands digit of 13225?
1
What is the tens digit of 1147?
4
What is the thousands digit of 1850?
1
What is the units digit of 44886?
6
What is the thousands digit of 17385?
7
What is the units digit of 1064?
4
What is the thousands digit of 1041?
1
What is the ten thousands digit of 14510?
1
What is the hundreds digit of 18774?
7
What is the ten thousands digit of 46070?
4
What is the units digit of 1266?
6
What is the ten thousands digit of 31271?
3
What is the hundreds digit of 997?
9
What is the hundreds digit of 933?
9
What is the hundreds digit of 5326?
3
What is the tens digit of 12?
1
What is the tens digit of 2661?
6
What is the units digit of 45?
5
What is the units digit of 379?
9
What is the units digit of 1257?
7
What is the tens digit of 1059?
5
What is the hundreds digit of 15234?
2
What is the hundreds digit of 8310?
3
What is the hundreds digit of 1251?
2
What is the tens digit of 30176?
7
What is the hundreds digit of 5706?
7
What is the hundreds digit of 925?
9
What is the tens digit of 62218?
1
What is the tens digit of 256?
5
What is the tens digit of 20184?
8
What is the hundreds digit of 1362?
3
What is the units digit of 404?
4
What is the units digit of 397?
7
What is the thousands digit of 19558?
9
What is the tens digit of 47856?
5
What is the tens digit of 7749?
4
What is the hundreds digit of 1918?
9
What is the tens digit of 2316?
1
What is the hundreds digit of 2173?
1
What is the thousands digit of 11954?
1
What is the thousands digit of 3605?
3
What is the hundreds digit of 75754?
7
What is the tens digit of 383?
8
What is the ten thousands digit of 45501?
4
What is the hundreds digit of 11862?
8
What is the thousands digit of 36697?
6
What is the thousands digit of 28403?
8
What is the tens digit of 508?
0
What is the units digit of 736?
6
What is the hundreds digit of 28435?
4
What is the hundreds digit of 101060?
0
What is the units digit of 2072?
2
What is the tens digit of 1419?
1
What is the tens digit of 9659?
5
What is the tens digit of 280?
8
What is the tens digit of 5170?
7
What is the tens digit of 225?
2
What is the tens digit of 1469?
6
What is the hundreds digit of 3771?
7
What is the tens digit of 1900?
0
What is the thousands digit of 42752?
2
What is the tens digit of 19352?
5
What is the tens digit of 14956?
5
What is the units digit of 8814?
4
What is the units digit of 43256?
6
What is the ten thousands digit of 48916?
4
What is the tens digit of 888?
8
What is the tens digit of 169253?
5
What is the thousands digit of 6668?
6
What is the tens digit of 4454?
5
What is the units digit of 6053?
3
What is the units digit of 25857?
7
What is the hundreds digit of 71870?
8
What is the hundreds digit of 48327?
3
What is the units digit of 154?
4
What is the thousands digit of 41184?
1
What is the thousands digit of 76836?
6
What is the tens digit of 2694?
9
What is the units digit of 1096?
6
What is the tens digit of 842?
4
What is the thousands digit of 1570?
1
What is the units digit of 72?
2
What is the ten thousands digit of 11794?
1
What is the hundreds digit of 8237?
2
What is the ten thousands digit of 10208?
1
What is the units digit of 1350?
0
What is the ten thousands digit of 15122?
1
What is the hundreds digit of 9167?
1
What is the hundreds digit of 173?
1
What is the tens digit of 2168?
6
What is the units digit of 6924?
4
What is the units digit of 1118?
8
What is the tens digit of 3511?
1
What is the tens digit of 36?
3
What is the tens digit of 1627?
2
What is the ten thousands digit of 161328?
6
What is the hundreds digit of 2127?
1
What is the thousands digit of 3741?
3
What is the units digit of 4378?
8
What is the units digit of 6133?
3
What is the tens digit of 462?
6
What is the tens digit of 140?
4
What is the tens digit of 9208?
0
What is the units digit of 37492?
2
What is the units digit of 20189?
9
What is the tens digit of 113881?
8
What is the tens digit of 263?
6
What is the tens digit of 103132?
3
What is the units digit of 4152?
2
What is the hundreds digit of 708?
7
What is the units digit of 3611?
1
What is the hundreds digit of 27868?
8
What is the ten thousands digit of 104264?
0
What is the hundreds digit of 25941?
9
What is the units digit of 446?
6
What is the ten thousands digit of 11886?
1
What is the tens digit of 10513?
1
What is the units digit of 582?
2
What is the hundreds digit of 419?
4
What is the ten thousands digit of 16112?
1
What is the thousands digit of 1801?
1
What is the hundreds digit of 4637?
6
What is the units digit of 190?
0
What is the thousands digit of 115696?
5
What is the tens digit of 12400?
0
What is the units digit of 2224?
4
What is the units digit of 53948?
8
What is the thousands digit of 1579?
1
What is the hundreds digit of 393?
3
What is the hundreds digit of 14259?
2
What is the units digit of 2382?
2
What is the hundreds digit of 178?
1
What is the ten thousands digit of 14679?
1
What is the ten thousands digit of 31855?
3
What is the hundreds digit of 30300?
3
What is the units digit of 1513?
3
What is the hundreds digit of 3634?
6
What is the units digit of 2898?
8
What is the tens digit of 569?
6
What is the ten thousands digit of 13498?
1
What is the hundreds digit of 5605?
6
What is the units digit of 2432?
2
What is the thousands digit of 48588?
8
What is the hundreds digit of 566?
5
What is the units digit of 47675?
5
What is the tens digit of 85230?
3
What is the thousands